 + -31?
2202
In base 15, what is -a - 20?
-2a
In base 7, what is 0 - 5660?
-5660
In base 15, what is 4 - -9a7?
9ab
In base 5, what is -2 - -111?
104
In base 8, what is -4 - -64?
60
In base 16, what is 14 - 4c?
-38
In base 4, what is -103 + -2122?
-2231
In base 2, what is -100 + -101000111011?
-101000111111
In base 8, what is 10 + 166?
176
In base 16, what is 3 - 2?
1
In base 14, what is 96 - -2?
98
In base 6, what is 1010 - 3?
1003
In base 13, what is 75c + 6?
765
In base 15, what is -3 - -ed?
ea
In base 13, what is 7a - -2?
7c
In base 3, what is 2101111 - -1?
2101112
In base 13, what is 26 - 16?
10
In base 8, what is -12 + -10?
-22
In base 10, what is -396 + 1?
-395
In base 15, what is -1 + -26?
-27
In base 9, what is -20 + -218?
-238
In base 16, what is -17 - 2?
-19
In base 16, what is -5f + c2?
63
In base 12, what is 2 + -27?
-25
In base 16, what is 1 + -2b?
-2a
In base 4, what is -12 - 3?
-21
In base 5, what is 11144 - 4?
11140
In base 16, what is 11 - 8?
9
In base 11, what is -1a33 + -4?
-1a37
In base 15, what is -3 - 124?
-127
In base 10, what is 256 - -2?
258
In base 9, what is -522 + -2?
-524
In base 13, what is c5 - 2?
c3
In base 11, what is 4a5 - -4?
4a9
In base 14, what is 3 - -54?
57
In base 5, what is 2 - -33040?
33042
In base 4, what is -110 + 30?
-20
In base 12, what is 92 - -3?
95
In base 16, what is -1 + 1256?
1255
In base 12, what is 113 + 2?
115
In base 5, what is -30410 - 4?
-30414
In base 9, what is -1 - -23?
22
In base 12, what is -2 + 261a?
2618
In base 4, what is 1 - 1012?
-1011
In base 3, what is 11 - 2220?
-2202
In base 11, what is -2490 + -5?
-2495
In base 7, what is 3 + -355?
-352
In base 16, what is 36 + -2?
34
In base 14, what is -29 - -34?
9
In base 11, what is 5 + 80?
85
In base 11, what is -18 + 6?
-12
In base 9, what is 5852 - 3?
5848
In base 5, what is 3 + -214?
-211
In base 3, what is 12 - -12002?
12021
In base 3, what is 1 + 111?
112
In base 4, what is 0 - 312012?
-312012
In base 6, what is -401 + -5?
-410
In base 14, what is -616 - -2?
-614
In base 15, what is b + a?
16
In base 2, what is -1101100 - 1101?
-1111001
In base 7, what is 5011 + 3?
5014
In base 3, what is 0 - -1022?
1022
In base 2, what is 11100 + -111010101?
-110111001
In base 11, what is -3 - 83?
-86
In base 4, what is -133001 - 0?
-133001
In base 5, what is -2 - -223?
221
In base 16, what is -5 + -16?
-1b
In base 5, what is 0 + 204?
204
In base 8, what is -3 + 171?
166
In base 16, what is -ff5 + 4?
-ff1
In base 2, what is -10100011 + -10?
-10100101
In base 10, what is -9 - -29?
20
In base 3, what is 22 + 10?
102
In base 4, what is -20012 + -1?
-20013
In base 7, what is 53 - 30?
23
In base 8, what is 2 + -547?
-545
In base 9, what is -84 + -48?
-143
In base 8, what is -311 + -2?
-313
In base 12, what is 18 - -36?
52
In base 9, what is -1 - -173?
172
In base 5, what is -21021 + 1?
-21020
In base 14, what is 17 - -a?
23
In base 13, what is -151 + 5?
-149
In base 16, what is 161 + -11?
150
In base 5, what is 2 + -1?
1
In base 10, what is 157 + 3?
160
In base 8, what is -7 - -452?
443
In base 4, what is 10 + 102330?
103000
In base 9, what is 17 - 85?
-67
In base 2, what is -110110110000 - 100?
-110110110100
In base 8, what is -2 + -4063?
-4065
In base 2, what is -11001100111111 - 1?
-11001101000000
In base 10, what is 935 + -3?
932
In base 9, what is -5 + 80?
74
In base 9, what is 55 - -57?
123
In base 12, what is -16 - -81?
67
In base 9, what is -127 - 3?
-131
In base 14, what is 4db + -2?
4d9
In base 16, what is c + -12?
-6
In base 10, what is -4 - -7?
3
In base 3, what is 2 + -20122?
-20120
In base 9, what is 1 - -55?
56
In base 15, what is -c2 - -3e?
-83
In base 13, what is 5c7 + -1?
5c6
In base 6, what is 5 + -103?
-54
In base 5, what is -10 + 122?
112
In base 16, what is 4 + be?
c2
In base 7, what is -14 + 23?
6
In base 8, what is 5717 + -3?
5714
In base 6, what is -12 + 1240?
1224
In base 3, what is -2 - -221?
212
In base 2, what is 100010011111010 + -100?
100010011110110
In base 4, what is 2 - -13212?
13220
In base 4, what is 10 - -23?
33
In base 11, what is -7727 + 2?
-7725
In base 12, what is 275 - -6?
27b
In base 8, what is -352 - -1?
-351
In base 11, what is -8 - a7?
-104
In base 7, what is -61 + -455?
-546
In base 14, what is -3 - 85?
-88
In base 7, what is -322 - -1?
-321
In base 8, what is -37 + 14?
-23
In base 11, what is 22 + -303?
-291
In base 15, what is 3726 - -2?
3728
In base 11, what is -749 + 5?
-744
In base 8, what is -23 - -14?
-7
In base 8, what is 155 - -65?
242
In base 12, what is 1 - 0?
1
In base 7, what is -246336 - -4?
-246332
In base 2, what is -110101 + 11110?
-10111
In base 15, what is 35 + 1?
36
In base 7, what is -1 + 4242?
4241
In base 11, what is -5 + 290?
286
In base 5, what is -2 + 141013?
141011
In base 8, what is 74 - 16?
56
In base 12, what is 44 + 1?
45
In base 11, what is -429 - -5?
-424
In base 15, what is 81 + -18?
68
In base 6, what is -132 + 305?
133
In base 12, what is 9220 - -5?
9225
In base 12, what is -8 - 8?
-14
In base 7, what is -165 + 33?
-132
In base 4, what is -332 + 12?
-320
In base 7, what is -25 + -3?
-31
In base 2, what is -1100111100 + -101?
-1101000001
In base 14, what is -5 + -2015?
-201a
In base 10, what is -24 + 326?
302
In base 2, what is 10 - -101001011111?
101001100001
In base 8, what is -20 + -130?
-150
In base 10, what is 291 + 10?
301
In base 6, what is 11332 - -22?
11354
In base 11, what is -3 - -4?
1
In base 15, what is b561 - -5?
b566
In base 6, what is 43 + -414?
-331
In base 7, what is 5 + -152?
-144
In base 5, what is -4142 + 0?
-4142
In base 10, what is 6 + -16?
-10
In base 11, what is -3 - 40?
-43
In base 13, what is -b71a - 0?
-b71a
In base 14, what is -3 - 1abb?
-1ac0
In base 11, what is -37 - -361?
325
In base 13, what is 4 + -8?
-4
In base 5, what is 210 + 100?
310
In base 9, what is -5 - -74?
68
In base 10, what is 166 + -4?
162
In base 10, what is 68 + 10?
78
In base 5, what is 113342 + -10?
113332
In base 9, what is -1 - -361?
360
In base 13, what is 8b + -2?
89
In base 7, what is -6215 + 1?
-6214
In base 11, what is -8a1 - 0?
-8a1
In base 10, what is 0 - -1030?
1030
In base 11, what is 5 - 407?
-402
In base 9, what is 5 - -184?
200
In base 11, what is -247 + 4?
-243
In base 16, what is -3c1b + 4?
-3c17
In base 7, what is -304 + -2?
-306
In base 4, what is 0 - 102?
-102
In base 8, what is 1110 + 10?
1120
In base 7, what is -2102 - -2?
-2100
In base 4, what is -232 + -1103?
-2001
In base 9, what is -2 - -12?
10
In base 11, what is a7 - 3a?
68
In base 10, what is 20 - 1?
19
In base 6, what is -31200 - -1?
-31155
In base 8, what is -1 - 415?
-416
In base 8, what is -3143 + 2?
-3141
In base 4, what is 122 - 11?
111
In base 5, what is -2 + 1023?
1021
In base 16, what is -23 - 48?
-6b
In base 16, what is -1 + 50?
4f
In base 10, what is 22 - 41?
-19
In base 14, what is 1 - -40?
41
In base 11, what is 28 - 3?
25
In base 8, what is 5 + -220?
-213
In base 13, what is 0 - 511?
-511
In base 10, what is -577 - -2?
-575
In base 2, what is -11 - -100010011?
100010000
In base 14, what is 3 - 1041?
-103c
In base 8, what is 203 - -2?
205
In base 6, what is 21 - 313?
-252
In base 16, what is -5 - -982?
97d
In base 14, what is -5 + -8c?
-93
In base 5, what is -323 - 20?
-343
In base 9, what is -61 + -330?
-401
In base 9, what is -7 - 40?
-47
In base 6, what is -43 + -22?
-105
In base 7, what is 14 - 15?
-1
In base 12, what is -9 - -a3?
96
In base 12, what is 3 - 249a?
-2497
In base 16, what is -5 - 73?
-78
In base 13, what is 155 - 6?
14c
In base 3, what is 11 + 2111?
2122
In base 13, what is 15 + 220?
235
In base 15, what is -29 - -4a?
21
In base 7, what is 32211 - 2?
32206
In base 2, what is 10111100 - -10011?
11001111
In base 13, what is 1 - 229?
-228
In base 6, what is -414 + 5?
-405
In base 5, what is 10 + -31212?
-31202
In base 7, what is -26 + 4?
-22
In base 11, what is -2 + a95?
a93
In base 16, what is -21e2 - -3?
-21df
In base 15, what is -1a + 15?
-5
In base 8, what is -2 + 164?
162
In base 2, what is 111 + -11101?
-10110
In base 14, what is -8 - -168?
160
In base 5, what is 32432 + 14?
33001
In base 5, what is 32214 - 22?
32142
In base 8, what is 6147 - -4?
6153
In base 14, what is -44 - -4?
-40
In base 3, what is -1120 - 20?
-1210
In base 3, what is -2222 - 12?
-